 digit of 540193730?
0
What is the hundreds digit of 5513766?
7
What is the ten thousands digit of 226671527?
7
What is the units digit of 2604198420?
0
What is the millions digit of 19972528?
9
What is the thousands digit of 5830716937?
6
What is the ten millions digit of 1899923570?
9
What is the tens digit of 154198629?
2
What is the thousands digit of 63183462?
3
What is the hundred thousands digit of 6517787?
5
What is the hundred thousands digit of 357320927?
3
What is the millions digit of 172095687?
2
What is the hundreds digit of 364361606?
6
What is the units digit of 4988469982?
2
What is the tens digit of 2836814462?
6
What is the tens digit of 24136919?
1
What is the hundred thousands digit of 28712854?
7
What is the units digit of 34914858?
8
What is the units digit of 107486954?
4
What is the ten thousands digit of 51154307?
5
What is the tens digit of 139932385?
8
What is the billions digit of 1461412761?
1
What is the hundreds digit of 901087902?
9
What is the hundred thousands digit of 10737914?
7
What is the ten thousands digit of 95483590?
8
What is the hundreds digit of 7916977665?
6
What is the thousands digit of 316588107?
8
What is the hundred thousands digit of 603462207?
4
What is the units digit of 42607173?
3
What is the hundreds digit of 164809306?
3
What is the ten thousands digit of 128531708?
3
What is the ten thousands digit of 508836525?
3
What is the tens digit of 1432763438?
3
What is the hundred thousands digit of 55353547?
3
What is the units digit of 1141936738?
8
What is the units digit of 98825456?
6
What is the tens digit of 481854595?
9
What is the thousands digit of 93955924?
5
What is the units digit of 15291496?
6
What is the millions digit of 29206473?
9
What is the ten thousands digit of 527413885?
1
What is the thousands digit of 3464849986?
9
What is the tens digit of 181031583?
8
What is the hundreds digit of 555904159?
1
What is the tens digit of 496033272?
7
What is the ten thousands digit of 1474658?
7
What is the ten millions digit of 40055143?
4
What is the hundred thousands digit of 5816475611?
4
What is the hundreds digit of 724703912?
9
What is the ten millions digit of 134020442?
3
What is the ten millions digit of 159305107?
5
What is the tens digit of 937726802?
0
What is the units digit of 1248725654?
4
What is the tens digit of 3172772417?
1
What is the hundred thousands digit of 153322842?
3
What is the millions digit of 252754209?
2
What is the thousands digit of 3445379733?
9
What is the units digit of 23590046?
6
What is the hundreds digit of 45244529?
5
What is the hundreds digit of 50616029?
0
What is the ten thousands digit of 2700861744?
6
What is the hundred thousands digit of 30987909?
9
What is the hundred thousands digit of 67200238?
2
What is the ten millions digit of 622521396?
2
What is the ten thousands digit of 132809867?
0
What is the ten thousands digit of 2238318?
3
What is the millions digit of 542926087?
2
What is the millions digit of 4468677270?
8
What is the tens digit of 995757221?
2
What is the hundred millions digit of 362437424?
3
What is the ten thousands digit of 7343546?
4
What is the tens digit of 13006481?
8
What is the hundred millions digit of 453173752?
4
What is the thousands digit of 1620756576?
6
What is the units digit of 800392838?
8
What is the millions digit of 1009930668?
9
What is the thousands digit of 254154333?
4
What is the millions digit of 60874863?
0
What is the ten millions digit of 31411022?
3
What is the hundreds digit of 273579755?
7
What is the tens digit of 133839956?
5
What is the ten millions digit of 303837478?
0
What is the hundred millions digit of 233732954?
2
What is the tens digit of 2559473163?
6
What is the ten thousands digit of 14048600?
4
What is the thousands digit of 25014321?
4
What is the hundreds digit of 45693785?
7
What is the millions digit of 3888619587?
8
What is the units digit of 139409415?
5
What is the tens digit of 434307998?
9
What is the hundreds digit of 504423627?
6
What is the millions digit of 3079759?
3
What is the ten thousands digit of 56825289?
2
What is the billions digit of 5678791457?
5
What is the ten thousands digit of 119270849?
7
What is the hundred thousands digit of 413960716?
9
What is the millions digit of 73303660?
3
What is the thousands digit of 205103146?
3
What is the hundreds digit of 1263252448?
4
What is the thousands digit of 17443079?
3
What is the ten millions digit of 210766473?
1
What is the thousands digit of 6377224508?
4
What is the units digit of 27474415?
5
What is the hundreds digit of 175142125?
1
What is the billions digit of 4382245026?
4
What is the hundred millions digit of 316029751?
3
What is the thousands digit of 318061281?
1
What is the ten millions digit of 401776032?
0
What is the hundred millions digit of 3012412040?
0
What is the units digit of 5406729213?
3
What is the thousands digit of 1568203878?
3
What is the units digit of 5435418?
8
What is the millions digit of 38503551?
8
What is the units digit of 1946864225?
5
What is the millions digit of 1415336662?
5
What is the hundreds digit of 3089912256?
2
What is the hundreds digit of 1108339924?
9
What is the billions digit of 7949809114?
7
What is the hundred millions digit of 2225807820?
2
What is the tens digit of 525061191?
9
What is the ten thousands digit of 178719459?
1
What is the tens digit of 316308625?
2
What is the thousands digit of 80033417?
3
What is the millions digit of 151557725?
1
What is the thousands digit of 5526860841?
0
What is the hundreds digit of 80561358?
3
What is the thousands digit of 281041049?
1
What is the hundreds digit of 299227054?
0
What is the tens digit of 273895350?
5
What is the hundred thousands digit of 115128359?
1
What is the ten thousands digit of 6662362124?
6
What is the hundreds digit of 22224418?
4
What is the millions digit of 471283037?
1
What is the ten millions digit of 51037944?
5
What is the ten millions digit of 953710361?
5
What is the ten thousands digit of 210703553?
0
What is the units digit of 790971576?
6
What is the tens digit of 23941758?
5
What is the millions digit of 11224787?
1
What is the ten millions digit of 13207210?
1
What is the thousands digit of 50497481?
7
What is the ten thousands digit of 294987472?
8
What is the thousands digit of 342971235?
1
What is the billions digit of 7293765048?
7
What is the tens digit of 2442484793?
9
What is the thousands digit of 21293391?
3
What is the ten millions digit of 290649342?
9
What is the hundred thousands digit of 230821735?
8
What is the millions digit of 2144263904?
4
What is the millions digit of 321071476?
1
What is the hundred millions digit of 215787344?
2
What is the thousands digit of 96231426?
1
What is the units digit of 45216822?
2
What is the billions digit of 2396555265?
2
What is the tens digit of 571197786?
8
What is the tens digit of 920281306?
0
What is the ten millions digit of 827836320?
2
What is the hundred millions digit of 200392311?
2
What is the hundreds digit of 84023466?
4
What is the units digit of 626920980?
0
What is the units digit of 51549872?
2
What is the units digit of 585515210?
0
What is the tens digit of 38049051?
5
What is the tens digit of 863109306?
0
What is the ten thousands digit of 55294217?
9
What is the thousands digit of 165705884?
5
What is the hundreds digit of 6838133824?
8
What is the hundred thousands digit of 934260814?
2
What is the hundreds digit of 35974498?
4
What is the tens digit of 4904770?
7
What is the tens digit of 771744904?
0
What is the tens digit of 440101594?
9
What is the tens digit of 67888054?
5
What is the hundred thousands digit of 515820550?
8
What is the ten millions digit of 42644987?
4
What is the tens digit of 19435358?
5
What is the hundreds digit of 5119746?
7
What is the ten thousands digit of 30052342?
5
What is the billions digit of 1320305998?
1
What is the hundred millions digit of 208852260?
2
What is the millions digit of 256598895?
6
What is the billions digit of 3607996375?
3
What is the tens digit of 21367256?
5
What is the hundred thousands digit of 38277608?
2
What is the millions digit of 1951936137?
1
What is the units digit of 761147410?
0
What is the ten thousands digit 